Let i be s(-13). Let u = 122 - i. What is the tens digit of u?
5
Let y = 100 - 58. What is the units digit of (-138)/y + 4/14 - -5?
2
Let t = 482 - 182. Suppose 0 = -u, u + t = 5*r + 6*u. What is the tens digit of r?
6
Suppose 2*f + 4 = 0, 1 = -3*k - 0*k + f. What is the tens digit of (-1 - k) + 46 + 1?
4
Let l = -552 + 2215. What is the units digit of l?
3
Let x(l) = 2*l + 6. Let a be x(-3). Suppose s + 7 = 3*s + n, -s + 3*n = a. What is the units digit of s?
3
Let a be -5*((-42)/(-10) - (2 - -1)). What is the units digit of a*25/10*22/(-10)?
3
Let z = 0 - -3. Suppose z*x + f = 367, 3*x - 6*x + 2*f = -373. What is the hundreds digit of x?
1
Let a = -2 + -1. Let j = 9 + a. What is the units digit of (-3)/j - (-105)/10?
0
Suppose 0 = -w - 3*l, -2*w + 2*l = -2*l - 10. Suppose 2*t - w*u = 122, 4*u - 3*u = 4*t - 224. What is the tens digit of t?
5
Let g be -3 + (-3 - -5) + 0 + 5. Suppose -2*s - 2*h = -308, g*s = 4*h + 215 + 361. What is the tens digit of s?
4
Let u(j) = -j**2 + 2*j + 9. Let n be u(-5). Suppose 5*g - 172 = g. Let m = g + n. What is the tens digit of m?
1
Let j be 8/100*5*10. Suppose j*g = 4*h - 344, 0*g = g + 1. What is the units digit of h?
5
Let h(m) = 2 - 158*m - 1 + 5*m**2 + 155*m - m**3. Let y be h(4). Let g(b) = b**2 - 2*b + 7. What is the units digit of g(y)?
2
Let y = -1356 - -2796. Suppose 0 = -g + 6*g - y. Suppose -6*m + g = -2*m + 2*u, 0 = m - 4*u - 90. What is the units digit of m?
4
Let w = -4049 - -8995. What is the units digit of w?
6
Let c(g) = g**3 - 6*g**2 + 3*g - 15. Let p be c(6). Suppose -3*b = -4*q - 27, -32 = -4*b + p*q + 4. What is the units digit of b?
9
What is the tens digit of 1*1702 + 7 + -16?
9
Let v(t) = -t**3 - 10*t**2 - 8*t + 12. Let g be v(-9). Let m(u) = 2*u**2 + u - 4. Let n be m(g). Suppose -6*s = -5*s - n. What is the units digit of s?
7
Let j(c) = 13*c**2 - 6 - 11 - 4 + 5 - c**3. What is the tens digit of j(12)?
2
Let m be 6*1/(-1 + 2). Suppose m*z = 3*z + 12. What is the units digit of 4*z/((-8)/(-22))?
4
Suppose u + 38 = -0*u. Let d = u + 107. Suppose 4*q - d + 21 = 0. What is the units digit of q?
2
Let q = -1275 - -2207. What is the units digit of q?
2
Suppose 6*q - q = 0. Suppose -5*w + 145 - 26 = l, -2*w + 4*l + 52 = q. What is the units digit of w?
4
Let z = 7440 - 4115. What is the units digit of z?
5
Let x(g) = -g**3 + 3*g**2 + 7*g + 2. Let y be x(4). Let i be 392/18 - (-4)/18. Let t = i + y. What is the tens digit of t?
3
Suppose -3*z = -3*d + 2496, -5*z + 6 = 26. What is the hundreds digit of d?
8
Suppose 2*s - s + 10 = 0. Let i = -7 - s. Suppose -2*z + 65 = -i. What is the tens digit of z?
3
Let m be 2 + 4*5/5. Let w(q) = 3*q + 12. What is the tens digit of w(m)?
3
Let u(b) = b**3 - 18*b**2 + b - 11. Let i be u(18). Suppose v = 3*g - i*g + 10, 0 = 4*g - 3*v - 18. What is the units digit of g?
3
What is the tens digit of (-18)/12*(2 + 13404/(-18))?
1
Let m be (-3)/3*(4 - 3). Let s(j) = -106*j**3 - 2*j**2 - 2*j + 1. What is the tens digit of s(m)?
0
Suppose -33*h + 32*h + 12 = 0. Suppose -3*o + h = -18. What is the units digit of o?
0
Suppose -2*k + h = 3*h + 12, 0 = 2*k - h + 12. What is the hundreds digit of 176 + (k/39 - (-6)/39)?
1
Suppose -2*u = 6 - 580. What is the tens digit of u?
8
Let c(h) = 15*h + 9. Let i be c(-3). Let g = -27 - i. What is the units digit of g?
9
Let q = 1648 - 827. What is the tens digit of q?
2
Let c = 24 - 20. Suppose -c*q + 67 = -209. What is the tens digit of q?
6
Let u(s) = 22*s**2 + 5*s + 10. What is the units digit of u(-3)?
3
Suppose 0 = -3*d - 0*l + 4*l - 73, 5*l - 71 = 3*d. Let z = -19 - d. Suppose -8*u = -4*u - z. What is the units digit of u?
2
Let r(v) = -11*v + 7. Let q be r(-10). Suppose -c + q = 40. What is the units digit of c?
7
Let k(s) = -5*s - 7. Let l be k(-5). Let n = l - 16. Suppose n*r - 15 = 11. What is the tens digit of r?
1
Suppose -3*c = -2*u - 11, u + 2 = c - 1. Suppose 5 = -3*f - 3*z + 20, -3*z - 65 = -5*f. Suppose b + 202 = 4*t, -b + 258 - f = c*t. What is the tens digit of t?
5
Let v = -23 - -26. Suppose 2*c + v + 3 = 3*m, 0 = -c + m - 1. Suppose -c*o + n = -o - 37, 0 = 3*o - 2*n - 54. What is the tens digit of o?
2
What is the units digit of 4 + 1129 + 2 - 10?
5
Let b be 1 - (2 - 1/1). Suppose b = -4*d + 71 + 185. What is the units digit of d?
4
Let w be 1/(-4*(-3)/48). Suppose -u - w*h - 482 = -4*u, 2*u = -4*h + 288. Suppose -3*s + u = 28. What is the units digit of s?
2
Let v(m) = 2*m**2 - 2*m - 2. Suppose 2*z - 7*z = -20. Suppose -4*y = -z*x - 4, -4*y = -x - 0*y - 13. What is the units digit of v(x)?
0
Suppose 3*p + 63 = -y, 3*p - 304 = 5*y + 7*p. What is the hundreds digit of (39/(-2))/((-111)/y + -2)?
1
Suppose 0 = -2*q - s + 31, s - 7 = q - 3*s. Suppose 5*p - 19 = -3*o, 5*o - q = -3*p + 4*o. What is the units digit of p?
5
Let a be ((-7)/(-14))/(2/(-1456)). What is the units digit of 1/(1816/a - -5)?
1
Let k = -258 - -448. What is the hundreds digit of ((8/1)/2 - 2) + k?
1
Let i be (-1)/(-4) + (-309)/(-12). Let q = -108 - -110. Suppose q*b - 4*b = -i. What is the units digit of b?
3
Suppose -5 - 31 = -6*r. What is the hundreds digit of 138 + 2/r*-3?
1
Let c = 51 - 58. What is the units digit of (-2)/14 + (-267)/c?
8
Let t(n) = -5*n + 11. Let k be 141/21 + 2/7. Let g be t(k). Let h = 38 + g. What is the tens digit of h?
1
Let d(i) = 13*i**2 - 2*i - 3. Let s be d(-3). Let x(z) = 6*z - 28. Let u be x(5). Suppose -3*q + s = u*q. What is the units digit of q?
4
Suppose -5*u + 11 - 72 = 3*p, -2*p - 44 = 5*u. Let n(g) = g + 25. What is the units digit of n(p)?
8
Suppose 13*u = -u + 15736. What is the hundreds digit of u?
1
Let t(j) = 2*j**3 - 7*j**2 - 17*j + 14. What is the hundreds digit of t(7)?
2
Let o = -59 - 2. Let h = o + 132. What is the tens digit of h?
7
Suppose -37 = -b + 14. Let y = b + -24. What is the tens digit of y?
2
Let x be (4/(-6))/((-1)/453). Suppose -2*b = -2*f - 2*f + x, 361 = 5*f + 3*b. What is the units digit of f?
4
Let t(i) = 2*i + 10. Let n be t(0). Suppose n*q - 259 = 2641. What is the units digit of q?
0
Let z = -33 - -38. Suppose -64 = -4*d + 4*i, -4*d + z*i = -2*d - 44. What is the units digit of d?
2
Suppose 756 = 3*q - 519. Suppose -5*d - 10 = -q. What is the tens digit of d?
8
Let b(i) = 54*i + 490. What is the tens digit of b(26)?
9
Let n(b) = -18*b**3 + 3*b**2 - b. Let i be n(-3). What is the units digit of (i/60)/((-2)/(-10))?
3
Let s(o) be the third derivative of -37*o**5/120 + o**4/24 - o**3/3 - 9*o**2. Let u(r) be the first derivative of s(r). What is the tens digit of u(-1)?
3
Suppose 301*c = 288*c + 25389. What is the units digit of c?
3
Suppose -2751 + 903 = -12*x. What is the hundreds digit of x?
1
What is the units digit of (-6 + (-70)/(-8))*(-660)/(-3)?
5
Suppose -4*i + 8 = 0, 0 = -l - 4*i - 0*i + 933. What is the hundreds digit of l?
9
Let h(f) = -f**2 + 8*f - 5. Let b be h(6). Let g = b + -2. Suppose -g*o = 21 - 211. What is the tens digit of o?
3
Let n = -160 - -377. What is the tens digit of n?
1
Suppose 9*i = 4*i - f + 11, -2*i + 18 = -3*f. Suppose 4*u - 1012 = 3*l, -5*u + 506 = -i*u - 3*l. What is the hundreds digit of u?
2
Suppose 2*g - 14*a + 17*a - 1499 = 0, 3*a + 2241 = 3*g. What is the tens digit of g?
4
Suppose -3 = 3*s - 9. Suppose 2*k = s*n + n + 44, n = -5*k + 127. What is the tens digit of k?
2
Let m = 394 + -212. What is the hundreds digit of m?
1
Let l(t) = t**3 + t**3 - 3*t**3 + 7*t**2. Let x be l(7). Suppose -3*j = 4*k - 99, 3*k + 3*j + 8 - 80 = x. What is the tens digit of k?
2
Suppose -5*c + 2*m + 14 = -3*c, 3*m + 15 = 0. Suppose -c*u = u + 30. What is the tens digit of (-196)/u + (-2)/(-5)?
2
Let o be ((-18)/(-5))/((-6)/(-15)). Let a = -4 + o. Suppose -4*x - a*j + 85 = 0, -x - 7*j + 25 = -2*j. What is the tens digit of x?
2
Suppose 0 = -m + 5, h + 2*m = -3*h + 242. Suppose x = 4*g - 81 - h, 3*x = 4*g - 417. Let i = -92 - x. What is the units digit of i?
7
Suppose -5*f + 15 = 0, -3*p + 69 = 6*f - 2*f. Let b = p + -25. Let n(h) = h**3 + 8*h**2 + 3*h + 9. What is the tens digit of n(b)?
6
Suppose 19*y - 24000 = -1447. What is the hundreds digit of y?
1
Let d(t) = 136*t - 25. What is the hundreds digit of d(19)?
5
Let q be (-2)/(-1)*(6 + -4). Suppose j = -2*d - 1, -q*j = -j - 4*d + 3. What is the tens digit of -30*(j + 1/(-2))?
4
Let b(g) = g**3 + 8*g**2